31, 6203
What are the prime factors of 11826309?
3, 11, 358373
What are the prime factors of 25177840?
2, 5, 314723
List the prime factors of 938358.
2, 3, 17377
List the prime factors of 157508.
2, 13, 233
List the prime factors of 322213.
322213
What are the prime factors of 3933124?
2, 13, 43, 1759
List the prime factors of 129914.
2, 17, 3821
What are the prime factors of 2730242?
2, 43, 53, 599
List the prime factors of 1745759.
61, 28619
List the prime factors of 15713537.
7, 41, 54751
List the prime factors of 124585.
5, 24917
List the prime factors of 1303229.
19, 113, 607
What are the prime factors of 855651?
3, 223, 1279
List the prime factors of 1090083.
3, 363361
What are the prime factors of 150626?
2, 7, 29, 53
List the prime factors of 379915.
5, 75983
What are the prime factors of 1957612?
2, 61, 71, 113
List the prime factors of 453793.
101, 4493
What are the prime factors of 2814065?
5, 562813
What are the prime factors of 117835?
5, 23567
What are the prime factors of 701357?
701357
List the prime factors of 2538540.
2, 3, 5, 1567
List the prime factors of 1110765.
3, 5, 74051
What are the prime factors of 517961?
59, 8779
List the prime factors of 13220789.
19, 433, 1607
What are the prime factors of 230886?
2, 3, 101, 127
What are the prime factors of 339666?
2, 3, 56611
What are the prime factors of 778233?
3, 259411
What are the prime factors of 5853540?
2, 3, 5, 7, 11, 181
What are the prime factors of 5346714?
2, 3, 19, 46901
What are the prime factors of 29073446?
2, 3617, 4019
What are the prime factors of 1759517?
17, 29, 43, 83
List the prime factors of 9184402.
2, 4592201
What are the prime factors of 689612?
2, 7, 11, 2239
What are the prime factors of 19739256?
2, 3, 29, 79, 359
List the prime factors of 19137.
3, 6379
What are the prime factors of 64755?
3, 5, 1439
What are the prime factors of 386803?
613, 631
List the prime factors of 89669.
89669
What are the prime factors of 1764592?
2, 29, 3803
List the prime factors of 22637756.
2, 631, 8969
What are the prime factors of 990908?
2, 191, 1297
List the prime factors of 171043.
171043
What are the prime factors of 33448106?
2, 16724053
List the prime factors of 1128340.
2, 5, 56417
What are the prime factors of 528776?
2, 157, 421
What are the prime factors of 5600027?
5600027
List the prime factors of 4099093.
4099093
What are the prime factors of 5733405?
3, 5, 43, 2963
List the prime factors of 127644.
2, 3, 11, 967
What are the prime factors of 1796123?
7, 256589
What are the prime factors of 1331826?
2, 3, 67, 3313
What are the prime factors of 227008?
2, 3547
What are the prime factors of 112040?
2, 5, 2801
List the prime factors of 523565.
5, 7, 2137
What are the prime factors of 434193?
3, 144731
List the prime factors of 4759065.
3, 5, 17, 6221
List the prime factors of 5336813.
5336813
List the prime factors of 20621127.
3, 971, 7079
List the prime factors of 262735.
5, 11, 17, 281
List the prime factors of 530402.
2, 163, 1627
What are the prime factors of 8563241?
61, 140381
What are the prime factors of 6196521?
3, 1013, 2039
What are the prime factors of 2091537?
3, 7, 33199
List the prime factors of 118882.
2, 59441
List the prime factors of 3107579.
281, 11059
What are the prime factors of 13648964?
2, 7, 487463
List the prime factors of 1044597.
3, 67, 5197
List the prime factors of 7994656.
2, 249833
List the prime factors of 305241.
3, 101747
List the prime factors of 28176018.
2, 3, 13, 37, 751
What are the prime factors of 681049?
681049
What are the prime factors of 37351344?
2, 3, 778153
What are the prime factors of 2587777?
73, 35449
What are the prime factors of 21804685?
5, 7, 19, 32789
What are the prime factors of 3369014?
2, 11, 153137
What are the prime factors of 18621905?
5, 797, 4673
What are the prime factors of 18424862?
2, 2411, 3821
List the prime factors of 209673.
3, 23297
What are the prime factors of 1877216?
2, 11, 5333
List the prime factors of 639228.
2, 3, 53269
List the prime factors of 124659.
3, 19
List the prime factors of 30923514.
2, 3, 1717973
List the prime factors of 22064253.
3, 7354751
List the prime factors of 21396817.
13, 1645909
List the prime factors of 2174017.
2174017
List the prime factors of 97222.
2, 48611
What are the prime factors of 3302708?
2, 23, 35899
What are the prime factors of 401288?
2, 103, 487
List the prime factors of 445450.
2, 5, 59, 151
What are the prime factors of 196752?
2, 3, 4099
List the prime factors of 2906876.
2, 7, 14831
List the prime factors of 493709.
493709
What are the prime factors of 92371?
71, 1301
What are the prime factors of 2553581?
19, 134399
List the prime factors of 208128.
2, 3, 271
What are the prime factors of 2499013?
11, 19, 1087
What are the prime factors of 368046?
2, 3, 7, 23, 127
What are the prime factors of 21341777?
251, 85027
What are the prime factors of 2440788?
2, 3, 7, 593
List the prime factors of 2209634.
2, 7, 157831
What are the prime factors of 722666?
2, 7, 41, 1259
List the prime factors of 325167.
3, 283, 383
What are the prime factors of 147914?
2, 13, 5689
List the prime factors of 300107.
37, 8111
List the prime factors of 7301950.
2, 5, 37, 3947
List the prime factors of 5415421.
11, 31, 15881
What are the prime factors of 2287118?
2, 31, 37, 997
What are the prime factors of 10967792?
2, 11, 101, 617
List the prime factors of 14100899.
73, 193163
List the prime factors of 580356.
2, 3, 7, 47
What are the prime factors of 190987?
331, 577
List the prime factors of 45778.
2, 47, 487
List the prime factors of 2465803.
61, 40423
List the prime factors of 12784407.
3, 83, 51343
List the prime factors of 2188696.
2, 47, 5821
What are the prime factors of 767744?
2, 2999
What are the prime factors of 12649565?
5, 2529913
List the prime factors of 1173111.
3, 163, 2399
What are the prime factors of 1137131?
19, 97, 617
List the prime factors of 13767316.
2, 3441829
List the prime factors of 75296.
2, 13, 181
List the prime factors of 2836165.
5, 229, 2477
List the prime factors of 1031468.
2, 257867
List the prime factors of 669291.
3, 7, 29, 157
What are the prime factors of 10012242?
2, 3, 73, 22859
List the prime factors of 17172499.
17, 173, 5839
What are the prime factors of 354331?
17, 19, 1097
What are the prime factors of 537462?
2, 3, 37, 269
List the prime factors of 1368131.
43, 31817
List the prime factors of 1207876.
2, 67, 4507
List the prime factors of 24663715.
5, 4932743
List the prime factors of 11488781.
727, 15803
List the prime factors of 479128.
2, 13, 17, 271
List the prime factors of 16758008.
2, 2094751
List the prime factors of 505113.
3, 7, 67, 359
What are the prime factors of 956018?
2, 7, 23, 2969
List the prime factors of 3816044.
2, 954011
List the prime factors of 2005030.
2, 5, 37, 5419
What are the prime factors of 431049?
3, 53, 2711
What are the prime factors of 144160?
2, 5, 17, 53
List the prime factors of 154746.
2, 3, 8597
List the prime factors of 1667942.
2, 643, 1297
List the prime factors of 6713506.
2, 1777, 1889
List the prime factors of 640226.
2, 320113
List the prime factors of 1145319.
3, 7, 54539
List the prime factors of 214457.
214457
List the prime factors of 374130.
2, 3, 5, 4157
What are the prime factors of 11650972?
2, 23, 126641
What are the prime factors of 17649112?
2, 13, 223, 761
List the prime factors of 516033.
3, 7, 8191
What are the prime factors of 8387335?
5, 11, 73, 2089
What are the prime factors of 244969?
199, 1231
What are the prime factors of 18487788?
2, 3, 11, 227, 617
What are the prime factors of 4253802?
2, 3, 7, 101281
What are the prime factors of 21051?
3, 2339
List the prime factors of 27972370.
2, 5, 19, 23, 37, 173
What are the prime factors of 74591?
11, 6781
What are the prime factors of 1027136?
2, 11, 1459
List the prime factors of 241856.
2, 3779
List the prime factors of 17231474.
2, 13, 31, 21379
What are the prime factors of 221180?
2, 5, 11059
What are the prime factors of 11671?
11, 1061
List the prime factors of 11667201.
3, 7, 13, 42737
What are the prime factors of 2050549?
181, 11329
What are the prime factors of 1053740?
2, 5, 19, 47, 59
What are the prime factors of 8948157?
3, 443, 6733
What are the prime factors of 151776